{"id":1141,"date":"2016-05-23T12:37:42","date_gmt":"2016-05-23T10:37:42","guid":{"rendered":"http:\/\/dff-tv.de\/?page_id=1141"},"modified":"2016-06-01T16:42:02","modified_gmt":"2016-06-01T14:42:02","slug":"arzte","status":"publish","type":"page","link":"https:\/\/dff-tv.de\/?page_id=1141","title":{"rendered":"\u00c4rzte"},"content":{"rendered":"<p style=\"font-size: 20px;\">\n<p>&nbsp;<\/p>\n<p><strong style=\"font-size: 20px;\">Top 20 \u00c4rzte Sch\u00f6nheit &#8211; Die Hautambulanz, Berlin Dr. Rothhaar &#8211; Beste Haut\u00e4rzte <\/strong><\/p>\n<p><iframe loading=\"lazy\" title=\"Top 20 \u00c4rzte Sch\u00f6nheit - Die Hautambulanz, Berlin Dr. Rothhaar - Beste Haut\u00e4rzte\" width=\"500\" height=\"281\" src=\"https:\/\/www.youtube.com\/embed\/jAUkqaanP5E?feature=oembed\" frameborder=\"0\" allow=\"accelerometer; autoplay; clipboard-write; encrypted-media; gyroscope; picture-in-picture; web-share\" referrerpolicy=\"strict-origin-when-cross-origin\" allowfullscreen><\/iframe><\/p>\n","protected":false},"excerpt":{"rendered":"<p>&nbsp; Top 20 \u00c4rzte Sch\u00f6nheit &#8211; Die Hautambulanz, Berlin Dr. Rothhaar &#8211; Beste Haut\u00e4rzte<\/p>\n","protected":false},"author":2,"featured_media":0,"parent":0,"menu_order":0,"comment_status":"closed","ping_status":"closed","template":"","meta":{"footnotes":""},"class_list":["post-1141","page","type-page","status-publish","hentry"],"_links":{"self":[{"href":"https:\/\/dff-tv.de\/index.php?rest_route=\/wp\/v2\/pages\/1141","targetHints":{"allow":["GET"]}}],"collection":[{"href":"https:\/\/dff-tv.de\/index.php?rest_route=\/wp\/v2\/pages"}],"about":[{"href":"https:\/\/dff-tv.de\/index.php?rest_route=\/wp\/v2\/types\/page"}],"author":[{"embeddable":true,"href":"https:\/\/dff-tv.de\/index.php?rest_route=\/wp\/v2\/users\/2"}],"replies":[{"embeddable":true,"href":"https:\/\/dff-tv.de\/index.php?rest_route=%2Fwp%2Fv2%2Fcomments&post=1141"}],"version-history":[{"count":7,"href":"https:\/\/dff-tv.de\/index.php?rest_route=\/wp\/v2\/pages\/1141\/revisions"}],"predecessor-version":[{"id":1149,"href":"https:\/\/dff-tv.de\/index.php?rest_route=\/wp\/v2\/pages\/1141\/revisions\/1149"}],"wp:attachment":[{"href":"https:\/\/dff-tv.de\/index.php?rest_route=%2Fwp%2Fv2%2Fmedia&parent=1141"}],"curies":[{"name":"wp","href":"https:\/\/api.w.org\/{rel}","templated":true}]}}