{"id":4,"date":"2013-07-25T14:35:49","date_gmt":"2013-07-25T12:35:49","guid":{"rendered":"http:\/\/fweb32.ok-webhost06.de\/DFFneu\/?page_id=4"},"modified":"2020-08-23T17:30:30","modified_gmt":"2020-08-23T15:30:30","slug":"index","status":"publish","type":"page","link":"https:\/\/dff-tv.de\/","title":{"rendered":"Home"},"content":{"rendered":"<p>\n<div class=\"title-home\"><h3>DFF Segments<\/h3><\/div><br \/>\n\n  <div class=\"home-post\">\n    <div class=\"home-width fixed\">\n      <div class=\"blog-home\">\n        <div class=\"blog-home-cover\">\n          <a href=\"https:\/\/dff-tv.de\/?p=1467\">\n            <img decoding=\"async\" src=\"https:\/\/dff-tv.de\/wp-content\/uploads\/2017\/11\/SM-PIC-BAD-220x166.png\" alt=\"STOLT &#038; MANLIG Designs &#8211; TV-Sets, Shooting Locations, Bathrooms, Houses, Apartments\" \/>\n          <\/a>\n        <\/div><!-- end .blog-home-cover --> \n        <h2 class=\"event-arc-title\"><a href=\"https:\/\/dff-tv.de\/?p=1467\">STOLT &#038; MANLIG Designs &#8211; TV-Sets, Shooting Locations, Bathrooms, Houses, Apartments<\/a><\/h2>\n        <div class=\"blog-home-info\">\n          <p class=\"blog-user\">bernieberlin1<\/p> \n          <p class=\"blog-date\">November 8th, 2017<\/p> \n          <p class=\"blog-comment\"><a href=\"https:\/\/dff-tv.de\/?p=1467#respond\">0 Comments<\/a><\/p> \n        <\/div><!-- end .blog-home-info -->\n        <p> Das Team von STOLT &amp; MANLIG\u00a0der DFF, ist f\u00fcr die Entwicklung und Herstellung von spektakul\u00e4ren TV-Show-Kulissen und spezielle Designs und Ausstattungen\u00a0von Dreh-Locations (H\u00e4user, Hallen,  ...<\/p>\n        <div class=\"blog-arc-more\"><a href=\"https:\/\/dff-tv.de\/?p=1467\" rel=\"bookmark\">Read more<\/a><\/div>\n      <\/div><!-- end .blog-home -->                   \n    <\/div><!-- end .home-width fixed -->\n    <div class=\"home-width fixed\">\n      <div class=\"blog-home\">\n        <div class=\"blog-home-cover\">\n          <a href=\"https:\/\/dff-tv.de\/?p=969\">\n            <img decoding=\"async\" src=\"https:\/\/dff-tv.de\/wp-content\/uploads\/2016\/05\/cid_67FF652D-A6D7-452F-8265-9FC293E9FE12@fritz-220x166.jpg\" alt=\"Image &#8211; Film \/Video Production\" \/>\n          <\/a>\n        <\/div><!-- end .blog-home-cover --> \n        <h2 class=\"event-arc-title\"><a href=\"https:\/\/dff-tv.de\/?p=969\">Image &#8211; Film \/Video Production<\/a><\/h2>\n        <div class=\"blog-home-info\">\n          <p class=\"blog-user\">bernieberlin1<\/p> \n          <p class=\"blog-date\">Mai 31st, 2016<\/p> \n          <p class=\"blog-comment\"><a href=\"https:\/\/dff-tv.de\/?p=969#respond\">0 Comments<\/a><\/p> \n        <\/div><!-- end .blog-home-info -->\n        <p> Fotos waren gestern.\u00a0 Der Surfer im Internet erwartet heute aussagestarke\u00a0Videos. Optimieren Sie Ihre Internetpr\u00e4senz und Ihre Auffindbarkeit. &nbsp; Imagevideo: Eastin Hotel Groupe, Asia &nbsp;  ...<\/p>\n        <div class=\"blog-arc-more\"><a href=\"https:\/\/dff-tv.de\/?p=969\" rel=\"bookmark\">Read more<\/a><\/div>\n      <\/div><!-- end .blog-home -->                   \n    <\/div><!-- end .home-width fixed -->\n    <div class=\"home-width fixed\">\n      <div class=\"blog-home\">\n        <div class=\"blog-home-cover\">\n          <a href=\"https:\/\/dff-tv.de\/?p=1290\">\n            <img decoding=\"async\" src=\"https:\/\/dff-tv.de\/wp-content\/uploads\/2016\/05\/cid_755CBD17-BF99-44C7-988C-69CC3FC56EB9@fritz-220x166.jpg\" alt=\"TV &#8211; Event &#8211; Production\" \/>\n          <\/a>\n        <\/div><!-- end .blog-home-cover --> \n        <h2 class=\"event-arc-title\"><a href=\"https:\/\/dff-tv.de\/?p=1290\">TV &#8211; Event &#8211; Production<\/a><\/h2>\n        <div class=\"blog-home-info\">\n          <p class=\"blog-user\">bernieberlin1<\/p> \n          <p class=\"blog-date\">Mai 31st, 2016<\/p> \n          <p class=\"blog-comment\"><a href=\"https:\/\/dff-tv.de\/?p=1290#respond\">0 Comments<\/a><\/p> \n        <\/div><!-- end .blog-home-info -->\n        <p>Since 30 years DFF DeutscheFilmFernsehen is one of the successful production companies in the German-speaking world and offers communicaton instruments, media consulting\u00a0and media productions for <\/p>\n        <div class=\"blog-arc-more\"><a href=\"https:\/\/dff-tv.de\/?p=1290\" rel=\"bookmark\">Read more<\/a><\/div>\n      <\/div><!-- end .blog-home -->                   \n    <\/div><!-- end .home-width fixed -->\n  <\/div><!-- end .home-post --><\/p>\n<p>\n<div class=\"title-home\"><h3>DFF Infos<\/h3><\/div><br \/>\n\n  <div class=\"home-post\">\n    <div class=\"home-width fixed\">\n      <div class=\"blog-home\">\n        <h2 class=\"event-arc-title\"><a href=\"https:\/\/dff-tv.de\/?p=1067\">Neues Casting Projekt<\/a><\/h2>\n        <div class=\"blog-home-info\">\n          <p class=\"blog-user\">bernieberlin1<\/p> \n          <p class=\"blog-date\">August 23rd, 2015<\/p> \n          <p class=\"blog-comment\"><a href=\"https:\/\/dff-tv.de\/?p=1067#respond\">0 Comments<\/a><\/p> \n        <\/div><!-- end .blog-home-info -->\n        <p>Dreams come true: Become a model &nbsp; Bewirb Dich f\u00fcr das Projekt: Youmodel, Modelnow,\u00a0Modelbook Wir suchen junge Junx und M\u00e4dels, die sich als Model versuchen m\u00f6chten. Das k\u00f6nnen Beautys, aber <\/p>\n        <div class=\"blog-arc-more\"><a href=\"https:\/\/dff-tv.de\/?p=1067\" rel=\"bookmark\">Read more<\/a><\/div>\n      <\/div><!-- end .blog-home -->                   \n    <\/div><!-- end .home-width fixed -->\n    <div class=\"home-width fixed\">\n      <div class=\"blog-home\">\n        <div class=\"blog-home-cover\">\n          <a href=\"https:\/\/dff-tv.de\/?p=537\">\n            <img decoding=\"async\" src=\"https:\/\/dff-tv.de\/wp-content\/uploads\/2013\/08\/armani-220x166.png\" alt=\"Armani Fashion-Show im TV\" \/>\n          <\/a>\n        <\/div><!-- end .blog-home-cover --> \n        <h2 class=\"event-arc-title\"><a href=\"https:\/\/dff-tv.de\/?p=537\">Armani Fashion-Show im TV<\/a><\/h2>\n        <div class=\"blog-home-info\">\n          <p class=\"blog-user\">autvelqaztl<\/p> \n          <p class=\"blog-date\">August 8th, 2015<\/p> \n          <p class=\"blog-comment\"><a href=\"https:\/\/dff-tv.de\/?p=537#respond\">0 Comments<\/a><\/p> \n        <\/div><!-- end .blog-home-info -->\n        <p>Mit dem Meister himself und seinem Team haben die TV-Macher der DFF\u00a0wieder die\u00a0Modenschau in Milano\u00a0von Armani f\u00fcrs TV umgesetzt. Live und \u00fcber Satellit in mehreren europ\u00e4ischen L\u00e4ndern zu sehen. <\/p>\n        <div class=\"blog-arc-more\"><a href=\"https:\/\/dff-tv.de\/?p=537\" rel=\"bookmark\">Read more<\/a><\/div>\n      <\/div><!-- end .blog-home -->                   \n    <\/div><!-- end .home-width fixed -->\n    <div class=\"home-width fixed\">\n      <div class=\"blog-home\">\n        <div class=\"blog-home-cover\">\n          <a href=\"https:\/\/dff-tv.de\/?p=512\">\n            <img decoding=\"async\" src=\"https:\/\/dff-tv.de\/wp-content\/uploads\/2013\/08\/aguilera-220x166.png\" alt=\"DFF &#8222;In Concert&#8220; Big TV-Shows Production\" \/>\n          <\/a>\n        <\/div><!-- end .blog-home-cover --> \n        <h2 class=\"event-arc-title\"><a href=\"https:\/\/dff-tv.de\/?p=512\">DFF &#8222;In Concert&#8220; Big TV-Shows Production<\/a><\/h2>\n        <div class=\"blog-home-info\">\n          <p class=\"blog-user\">autvelqaztl<\/p> \n          <p class=\"blog-date\">August 10th, 2013<\/p> \n          <p class=\"blog-comment\"><a href=\"https:\/\/dff-tv.de\/?p=512#respond\">0 Comments<\/a><\/p> \n        <\/div><!-- end .blog-home-info -->\n        <p> \u00a0 DFF Gro\u00dfe TV-Show-Produktionen &nbsp; &nbsp; Christina Aguilera, Rea Garvey, Kelly Rowland, Xavier Naidoo, ob Open Air vor 50.000 Zuschauern, oder in\u00a0einer gro\u00dfen\u00a0Studiohalle mit mehreren  ...<\/p>\n        <div class=\"blog-arc-more\"><a href=\"https:\/\/dff-tv.de\/?p=512\" rel=\"bookmark\">Read more<\/a><\/div>\n      <\/div><!-- end .blog-home -->                   \n    <\/div><!-- end .home-width fixed -->\n    <div class=\"home-width fixed\">\n      <div class=\"blog-home\">\n        <div class=\"blog-home-cover\">\n          <a href=\"https:\/\/dff-tv.de\/?p=76\">\n            <img decoding=\"async\" src=\"https:\/\/dff-tv.de\/wp-content\/uploads\/2013\/07\/Unbenannt-2-220x160.png\" alt=\"ARD &#8211; Die Tierretter &#8211; Drehs f\u00fcr 2019 geplant\" \/>\n          <\/a>\n        <\/div><!-- end .blog-home-cover --> \n        <h2 class=\"event-arc-title\"><a href=\"https:\/\/dff-tv.de\/?p=76\">ARD &#8211; Die Tierretter &#8211; Drehs f\u00fcr 2019 geplant<\/a><\/h2>\n        <div class=\"blog-home-info\">\n          <p class=\"blog-user\">autvelqaztl<\/p> \n          <p class=\"blog-date\">August 10th, 2013<\/p> \n          <p class=\"blog-comment\"><a href=\"https:\/\/dff-tv.de\/?p=76#respond\">0 Comments<\/a><\/p> \n        <\/div><!-- end .blog-home-info -->\n        <p> Die DFF Produktion, f\u00fcr das Vorabendprogramm im\u00a0Ersten, war auch 2017\/2018 nochmals\u00a0zu sehen, in den Dritten, als Wiederholung. Die Coproduzenten ARD und DFF freuen sich, dass diese Produktion  ...<\/p>\n        <div class=\"blog-arc-more\"><a href=\"https:\/\/dff-tv.de\/?p=76\" rel=\"bookmark\">Read more<\/a><\/div>\n      <\/div><!-- end .blog-home -->                   \n    <\/div><!-- end .home-width fixed -->\n  <\/div><!-- end .home-post --><\/p>\n<p>\n<div class=\"title-home\"><h3>Top20 Radio \/ www.Top20radio.tv<\/h3><\/div><br \/>\n<a href=\"http:\/\/www.top20radio.de\/\"><img decoding=\"async\" class=\"alignleft size-full wp-image-226\" style=\"border: 15px solid white; width: 96%; height: auto; position: relative;\" title=\"top20\" src=\"wp-content\/uploads\/2013\/08\/08-14-13-Top20_2_Sender1-e1376584643777.png\" alt=\"\" \/><\/a><\/p>\n<div style=\"height: 400px;\"><\/div>\n\n<div class=\"title-home\"><h3>DFF\/Top20 Moderatoren<\/h3><\/div>\n \n  <div class=\"home-post fixed\">\n    <div class=\"col-home\">\n      <div class=\"home-width\">\n        <div class=\"audio-home last-p\">\n          <div class=\"audio-home-cover bar-home-audio\">\n            <a href=\"https:\/\/dff-tv.de\/?audio=gabi-decker-2\">\n              <img decoding=\"async\" src=\"https:\/\/dff-tv.de\/wp-content\/uploads\/2013\/08\/gabi1-200x200.png\" alt=\"Gabi Decker\" \/>\n              <div class=\"media-home-title mosaic-overlay\"> Gabi Decker <\/div><!-- end .audio-title -->  \n            <\/a>\n          <\/div><!-- end .audio-home-cover -->  \n        <\/div><!-- end .audio-home last-p -->\n        <div class=\"audio-home last-p\">\n          <div class=\"audio-home-cover bar-home-audio\">\n            <a href=\"https:\/\/dff-tv.de\/?audio=margarethe-schreinemakers-2\">\n              <img decoding=\"async\" src=\"https:\/\/dff-tv.de\/wp-content\/uploads\/2013\/08\/margarethe-200x200.png\" alt=\"Margarethe Schreine &#8211; makers\" \/>\n              <div class=\"media-home-title mosaic-overlay\"> Margarethe Schreine &#8211; makers <\/div><!-- end .audio-title -->  \n            <\/a>\n          <\/div><!-- end .audio-home-cover -->  \n        <\/div><!-- end .audio-home last-p -->\n        <div class=\"audio-home last-p\">\n          <div class=\"audio-home-cover bar-home-audio\">\n            <a href=\"https:\/\/dff-tv.de\/?audio=elmar-horig-2\">\n              <img decoding=\"async\" src=\"https:\/\/dff-tv.de\/wp-content\/uploads\/2013\/08\/Elmi-200x200.png\" alt=\"Elmar H\u00f6rig\" \/>\n              <div class=\"media-home-title mosaic-overlay\"> Elmar H\u00f6rig <\/div><!-- end .audio-title -->  \n            <\/a>\n          <\/div><!-- end .audio-home-cover -->  \n        <\/div><!-- end .audio-home last-p -->\n        <div class=\"audio-home last-p\">\n          <div class=\"audio-home-cover bar-home-audio\">\n            <a href=\"https:\/\/dff-tv.de\/?audio=sebastian-retz-2\">\n              <img decoding=\"async\" src=\"https:\/\/dff-tv.de\/wp-content\/uploads\/2013\/08\/sebastian-200x200.png\" alt=\"Sebastian Retz\" \/>\n              <div class=\"media-home-title mosaic-overlay\"> Sebastian Retz <\/div><!-- end .audio-title -->  \n            <\/a>\n          <\/div><!-- end .audio-home-cover -->  \n        <\/div><!-- end .audio-home last-p -->\n        <div class=\"audio-home last-p\">\n          <div class=\"audio-home-cover bar-home-audio\">\n            <a href=\"https:\/\/dff-tv.de\/?audio=sylvain-welz-2\">\n              <img decoding=\"async\" src=\"https:\/\/dff-tv.de\/wp-content\/uploads\/2013\/08\/sylva-200x200.png\" alt=\"Sylvain Welz\" \/>\n              <div class=\"media-home-title mosaic-overlay\"> Sylvain Welz <\/div><!-- end .audio-title -->  \n            <\/a>\n          <\/div><!-- end .audio-home-cover -->  \n        <\/div><!-- end .audio-home last-p -->\n        <div class=\"audio-home last-p\">\n          <div class=\"audio-home-cover bar-home-audio\">\n            <a href=\"https:\/\/dff-tv.de\/?audio=bernd-schumacher-2\">\n              <img decoding=\"async\" src=\"https:\/\/dff-tv.de\/wp-content\/uploads\/2013\/08\/bernie-200x200.png\" alt=\"Bernd Schumacher\" \/>\n              <div class=\"media-home-title mosaic-overlay\"> Bernd Schumacher <\/div><!-- end .audio-title -->  \n            <\/a>\n          <\/div><!-- end .audio-home-cover -->  \n        <\/div><!-- end .audio-home last-p --> \n      <\/div><!-- end .home-width -->\n    <\/div><!-- end .col-home -->\n  <\/div><!-- end .home-post fixed-->\n","protected":false},"excerpt":{"rendered":"","protected":false},"author":1,"featured_media":0,"parent":0,"menu_order":0,"comment_status":"closed","ping_status":"closed","template":"","meta":{"footnotes":""},"class_list":["post-4","page","type-page","status-publish","hentry"],"_links":{"self":[{"href":"https:\/\/dff-tv.de\/index.php?rest_route=\/wp\/v2\/pages\/4","targetHints":{"allow":["GET"]}}],"collection":[{"href":"https:\/\/dff-tv.de\/index.php?rest_route=\/wp\/v2\/pages"}],"about":[{"href":"https:\/\/dff-tv.de\/index.php?rest_route=\/wp\/v2\/types\/page"}],"author":[{"embeddable":true,"href":"https:\/\/dff-tv.de\/index.php?rest_route=\/wp\/v2\/users\/1"}],"replies":[{"embeddable":true,"href":"https:\/\/dff-tv.de\/index.php?rest_route=%2Fwp%2Fv2%2Fcomments&post=4"}],"version-history":[{"count":165,"href":"https:\/\/dff-tv.de\/index.php?rest_route=\/wp\/v2\/pages\/4\/revisions"}],"predecessor-version":[{"id":1508,"href":"https:\/\/dff-tv.de\/index.php?rest_route=\/wp\/v2\/pages\/4\/revisions\/1508"}],"wp:attachment":[{"href":"https:\/\/dff-tv.de\/index.php?rest_route=%2Fwp%2Fv2%2Fmedia&parent=4"}],"curies":[{"name":"wp","href":"https:\/\/api.w.org\/{rel}","templated":true}]}}