{"id":630,"date":"2013-08-13T15:04:24","date_gmt":"2013-08-13T13:04:24","guid":{"rendered":"http:\/\/fweb32.ok-webhost06.de\/DFFneu\/?page_id=630"},"modified":"2019-05-25T18:21:24","modified_gmt":"2019-05-25T16:21:24","slug":"uber-uns-2","status":"publish","type":"page","link":"https:\/\/dff-tv.de\/?page_id=630","title":{"rendered":"\u00fcber uns  \/ about us"},"content":{"rendered":"<h3>.<\/h3>\n<h3><\/h3>\n<h3>HighEnd Productions<\/h3>\n<h3>Two Business Segments<\/h3>\n<p>&nbsp;<\/p>\n<ul>\n<li><a href=\"http:\/\/dff-tv.de\/?page_id=1132\">Business:\u00a0\u00a0 Industry\u00a0\/ Trade \/ Services\u00a0<\/a><\/li>\n<li>Media: \u00a0TV \/ Radio \/ Web<\/li>\n<\/ul>\n<p>&nbsp;<\/p>\n<p>Since 30 years DFF DeutscheFilmFernsehen is one of the successful production companies in the German-speaking world and offers communicaton instruments, media consulting\u00a0and media productions for business, industry and for\u00a0TV-, Radio- and Web-Stations.<\/p>\n<p>&nbsp;<\/p>\n<ul>\n<li>30 years DFF\u00a0&#8211; since 1986<\/li>\n<li>Partner of University of Applied Sciences, Berlin<\/li>\n<li>Coproducer 1. German TV (ARD)<\/li>\n<\/ul>\n<p>&nbsp;<\/p>\n<h3>.<\/h3>\n<h3>Hochwertige Medien Produktion<\/h3>\n<p>Das Team der DFF, um die Firmengr\u00fcnder Bernd Schumacher und Sylvain Welz, produziert seit \u00fcber\u00a030 Jahren Programme f\u00fcr \u00f6ffentlich &#8211; rechtliche und private Radio &#8211; und TV-Stationen. Aber auch namhafte Firmen aus Industrie und Wirtschaft nutzen die Erfahrung und Kreativit\u00e4t\u00a0des Teams f\u00fcr hochwertige Image Videos und Spots.<\/p>\n<p>Tausende von Radiosendungen, tausende von Fernsehshows und Fernsehbeitr\u00e4ge wurden von der DFF realisiert. \u00dcber die Produktion hinaus ist das DFF &#8211; Team in die Lizensierung und Entwicklung neuer Sender und neuer Senderkonzepte, von der Planung bis zur Aufnahme der Sendet\u00e4tigkeit, eingebunden.<\/p>\n<p>Aufgrund der jahrelangen Medien- und Medienpolitik- Erfahrung ist die DFF\u00a0in unterschiedlichen Bereichen\u00a0auch beratend t\u00e4tig.<\/p>\n<p>&nbsp;<\/p>\n<h4>Firmenschwerpunkte:<\/h4>\n<ul>\n<li>Highend Image Video Productions f\u00fcr Wirtschaft und Industrie<\/li>\n<li>Produktion von TV-, Radio und Web-Content<\/li>\n<li>Beratungen im Mediensektor (Medienpolitik, Senderlizensierungen, usw.)<\/li>\n<li>Studioplanung und Studiobau<\/li>\n<\/ul>\n<p>&nbsp;<\/p>\n<p>&nbsp;<\/p>\n<h3>Contact- Link<\/h3>\n<p><a href=\"http:\/\/dff-tv.de\/wp-admin\/post.php?post=377&amp;action=edit\">http:\/\/dff-tv.de\/wp-admin\/post.php?post=377&amp;action=edit<\/a><\/p>\n<p>&nbsp;<\/p>\n<p>&nbsp;<\/p>\n<p>.<\/p>\n<h3>DFF Team<\/h3>\n<p>Ein Teil der Kernmannschaft ist schon seit mehr als 25 Jahren im Team der DFF. Die \u00fcber viele Jahre aufeinander eingespielte Crew der DFF verf\u00fcgt \u00fcber umfangreiche Erfahrungen in den unterschiedlichsten Bereichen der elektronischen Medien in Deutschland und den USA.<\/p>\n<p>Die meisten des DFF-Kernteams haben ihr Handwerkszeug bei den \u00d6ffentlich-Rechtlichen von der Pike auf gelernt und verf\u00fcgen in der Regel \u00fcber Auslandserfahrung .<\/p>\n<p><strong>BERND SCHUMACHER<\/strong> beginnt, parallel zum Studium (Medienp\u00e4dagogik mit Schwerpunkt Journalismus, sowie Nachrichtentechnik) seine langj\u00e4hrige Mitarbeit beim Hessischen Rundfunk und S\u00fcdwestfunk.<\/p>\n<p>Beim ZDF und sp\u00e4ter beim Aufbau des neuen deutschsprachigen TV Senders RTL, beginnend noch in Luxemburg, lernt Bernd Schumacher \u00fcber Jahre das TV-Gesch\u00e4ft von der Pike auf kennen. Um seinen Horizont zu erweitern arbeitet er einige Monate bei verschiedenen Sendern in den USA. Er ist stets als Pr\u00e4sentator vieler Sendungen vor, wie auch als Redakteur und Producer hinter den Kameras t\u00e4tig.<\/p>\n<p>Bernd Schumacher, im Rheinland mit &#8222;Frohsinn und Karneval&#8220; aufgewachsen, f\u00fchlt sich schon fr\u00fch von der Welt des Entertainments angezogen. Aktivit\u00e4ten in Karnevalssitzungen, DJ bei Veranstaltungen und in angesagten Clubs verbunden mit der Plattenproduktion von eigenen Remix-Projekten ebnen Ihm den Weg zum Einstieg in die Medienszene.<\/p>\n<p>Bis heute ist er, als Gesch\u00e4ftsf\u00fchrer verschiedener Medienprojekte, Berater und Medienunternehmer und Macher der Branche treu geblieben- und das bereits seit rund 25 Jahren.<\/p>\n<p>Als Head der DFF ber\u00e4t und arbeitet er mit vielen Partnern aus der Medienszene seit Jahren vertrauensvoll zusammen.<\/p>\n<p>Neben\u00a0der DFF hat er einen Lehrauftrag an der University of Applied Sciences in Berlin.<br \/>\n<br clear=\"all\" \/> <strong>Sylvain Welz<\/strong> jobbt neben seinem Studium (Kommunikationswissenschaften) in verschiedenen Studios als Aufnahmeleiter und in Redaktionen und absolviert anschlie\u00dfend ein TV-Volontariat. Regisseure entdecken seinen sicheren Blick f\u00fcr Szenen und Umsetzungen. sein Talent und die Erfahrung aus dem jahrelang ausge\u00fcbten Tanzsport (1988 Deutscher Meister) bei der Entwicklung von Show-Choreographien und Kameraaufl\u00f6sungen kommen ihm dabei zu gute.<br \/>\nSelbst internationale Top-Stars verlassen sich gerne auf die Regie von SW und lassen sich von ihm in Szene setzen.<br \/>\nSein zweites Standbein neben der Regie und Fotographie ist die Produktionsleitung bei der DFF, wo er vor allem sein Orgatalent einbringen kann. Er arbeitet jetzt schon seit \u00fcber 20 Jahren mit Bernd Schumacher Seite an Seite. So auch\u00a0bei Top20radio.<br \/>\n<br clear=\"all\" \/> <strong>Klaus Zehnle<\/strong> erlernt das Gesch\u00e4ft der Telekommunikation von der Pike auf bei der Deutschen Bundespost. Parallel f\u00fchlt er sich schon immer zur Unterhaltungselektronik hingezogen und beschallte und beleuchtete Veranstaltungen und Events aller Art.<br \/>\nBernd Schumacher, mit dem Klaus Zehnle seit \u00fcber\u00a020 Jahren eng zusammen arbeitet, kann Zehnle zum Beginn des privaten Rundfunks in Deutschland f\u00fcr die Medien gewinnen. Es folgen unz\u00e4hlige Weiterbildungen und Aufgaben. Von der Betreuung aufw\u00e4ndiger Medienproduktionen bis zum Bau von Studios und \u00dc-Wagen. Durch seinen Werdegang kennt Klaus Zehnle nicht nur die Seite der Entwickler und Planer, sondern auch die der Anwender, was eine wertvolle Kombination darstellt. F\u00fcr die DFF leitet er\u00a0mit seine Firma\u00a0den Bereich Technik.<\/p>\n<p><br clear=\"all\" \/> <strong>G\u00fcnther Knappe<\/strong> erlernt nach dem Studium (Germanistik\/Angelistik) sein Handwerk bei Tageszeitungen. Mit dem Start des privaten Radios im S\u00fcdwesten wechselt er in verantwortliche Positionen zu den neuen elektronischen Medien. Als Medienunternehmer und Autor betreut er parallel viele TV-Projekte, wo er sowohl als Reporter vor als auch als Verantwortlicher hinter den Kameras agiert. Mit Bernd Schumacher arbeitet er seit rund\u00a015 Jahren zusammen. Gemeinsam mit seiner Frau produziert und ber\u00e4t er Medienunternehmen wie BadenTV.<\/p>\n<p><br clear=\"all\" \/><strong>Brigitte van Hattem<\/strong> startet ihre langj\u00e4hrige T\u00e4tigkeit im privaten H\u00f6rfunk in Rheinland-Pfalz und Baden-W\u00fcrttemberg als Moderatorin, Autorin und Redakteurin. 1996 wechselt sie ins Fernsehen und arbeitet seit dem sowohl vor als auch hinter den Kameras. Im Bereich Gesundheit, Wellness und Sch\u00f6nheit hat sie f\u00fcr Ihre Arbeit einen Medizinpreis verliehen bekommmen . Sie arbeitet mit dem DFF-Team schon \u00fcber 25 Jahre zusammen. Mit ihrem Presseb\u00fcro zeichnete sie auch f\u00fcr die PR zum Sendestart von Top20radio verantwortlich und ist, wenn es ihre Zeit zul\u00e4sst auch am Mikro zu h\u00f6ren.<\/p>\n<p>&nbsp;<\/p>\n<p><strong>Tanja Keitel<\/strong> absolviert nach ihrem Studium ihr Fernsehvolontariat und arbeitet seit dem als Reporterin, Redakteurin und Producerin f\u00fcr verschiedene TV-Sender und unterschiedliche Sendestrecken. Sie arbeitet seid rund 6 Jahren mit dem DFF Team zusammen. Mit ihrer eigenen Firma ber\u00e4t und produziert sie f\u00fcr Medienunternehmen.<\/p>\n<p>&nbsp;<\/p>\n<p><strong>Jens Beyer<\/strong> ist als Systemadministrator und Berater\u00a0f\u00fcr Computertechnik zust\u00e4ndig. er ist der Herr \u00fcber Netzwerke und Leitungsanbindungen zwischen verschiedenen Standorten und Studios.<\/p>\n<p>&nbsp;<\/p>\n","protected":false},"excerpt":{"rendered":"<p>. HighEnd Productions Two Business Segments &nbsp; Business:\u00a0\u00a0 Industry\u00a0\/ Trade \/ Services\u00a0 Media: \u00a0TV \/ Radio \/ Web &nbsp; Since 30 years DFF DeutscheFilmFernsehen is one of the successful production companies in the German-speaking world and offers communicaton instruments, media consulting\u00a0and media productions for business, [&hellip;]<\/p>\n","protected":false},"author":1,"featured_media":0,"parent":0,"menu_order":0,"comment_status":"closed","ping_status":"closed","template":"","meta":{"footnotes":""},"class_list":["post-630","page","type-page","status-publish","hentry"],"_links":{"self":[{"href":"https:\/\/dff-tv.de\/index.php?rest_route=\/wp\/v2\/pages\/630","targetHints":{"allow":["GET"]}}],"collection":[{"href":"https:\/\/dff-tv.de\/index.php?rest_route=\/wp\/v2\/pages"}],"about":[{"href":"https:\/\/dff-tv.de\/index.php?rest_route=\/wp\/v2\/types\/page"}],"author":[{"embeddable":true,"href":"https:\/\/dff-tv.de\/index.php?rest_route=\/wp\/v2\/users\/1"}],"replies":[{"embeddable":true,"href":"https:\/\/dff-tv.de\/index.php?rest_route=%2Fwp%2Fv2%2Fcomments&post=630"}],"version-history":[{"count":53,"href":"https:\/\/dff-tv.de\/index.php?rest_route=\/wp\/v2\/pages\/630\/revisions"}],"predecessor-version":[{"id":1498,"href":"https:\/\/dff-tv.de\/index.php?rest_route=\/wp\/v2\/pages\/630\/revisions\/1498"}],"wp:attachment":[{"href":"https:\/\/dff-tv.de\/index.php?rest_route=%2Fwp%2Fv2%2Fmedia&parent=630"}],"curies":[{"name":"wp","href":"https:\/\/api.w.org\/{rel}","templated":true}]}}